 k and c.
22
Let i = -5863 - -6297. What is the greatest common divisor of i and 910?
14
Let h(r) = 18*r + 748. Let l be h(-40). Calculate the greatest common factor of 1022 and l.
14
Suppose -50*z + 8082 + 5418 = 0. Suppose -3*u + 17 = 2. Suppose -2*p + 6*v = v - 45, 153 = u*p + v. What is the highest common factor of p and z?
30
Suppose 77*v - 88*v - 352 = 0. Let t = v + 40. What is the highest common factor of 56 and t?
8
Let z(k) = -k + 12. Let j be z(-8). Let y(s) = 2*s + 0*s - 3*s - 6 + 8*s**2 - s**3 + j. Let c be y(8). What is the greatest common divisor of 66 and c?
6
Let h = 8269 + 755. What is the greatest common divisor of 96 and h?
96
Let j(m) = -10*m - 138. Let l be j(-21). Let k be (2/(-3))/((-2)/6). Suppose c = -5*z + 18, c - 14 = -k*c + 5*z. What is the greatest common divisor of c and l?
8
Let n be (7 - 7)/((-1)/1)*1. Suppose n = 2*w + 3*u - 384, 0 = -12*w + 8*w - u + 788. What is the greatest common factor of 462 and w?
66
Suppose u + 224 + 153 = 0. Let k be (-15892)/u - 4/26. What is the highest common factor of 378 and k?
42
Suppose 71*q - 2852936 + 430913 = 0. What is the greatest common divisor of q and 249?
249
Let y(d) = 9*d**2 + 3*d + 578. Let v be y(-42). What is the highest common divisor of v and 208?
104
Let p be (1 + -6 + -3)*3/(-2). Suppose -q - 6*v - 18 = -2*v, 3 = -q - v. Suppose 3*h = -q*h + 30. What is the highest common factor of p and h?
6
Suppose 0 = -4*f - 5*q - 8, -4*q = -0*f + 2*f - 2. Let h be (4/f)/(11/(-77)). Let x be (-45)/60 - ((-102)/8 + -2). What is the highest common factor of h and x?
2
Suppose -13*a + 8*a - 3*w = -750, -2*a - 4*w = -314. Let n = a - 137. What is the greatest common divisor of 6 and n?
2
Suppose 83*b = 5037 + 2682. What is the highest common factor of b and 248?
31
Suppose -270 = y - 3*b - 1317, -5*y - 5*b = -5135. Calculate the greatest common factor of y and 48.
24
Let m be (78/(-14) + -1)/(30/82110*-17). What is the highest common divisor of 115 and m?
23
Suppose 2*d + 8 = 0, 178 = 3*i + d + d. Suppose 0 = -n + i + 20. Let b = 296 + -91. Calculate the greatest common divisor of n and b.
41
Let a(x) = 10*x**2 - 864*x - 405. Let d be a(90). What is the greatest common factor of d and 2100?
105
Let w be 116 - 2 - (-1 + 0). Let c = 51 + -14. Let f = 60 - c. Calculate the highest common divisor of w and f.
23
Suppose -3*v - w = 73, -5*v - w = -82 + 203. Let k be (-1 - 3)*(23 + v). Suppose 0 = 2*g - k*g + 16. What is the greatest common factor of 56 and g?
8
Let r be 2/((-4)/16 - 1295/(-4900)). What is the greatest common divisor of r and 10430?
70
Suppose 35*k = 130 + 80. Let f = -107 + 305. Suppose f = 3*b + 2*x, -330 = -5*b - 0*x - 5*x. What is the greatest common divisor of k and b?
6
Suppose 79940 = 4*r + v, -r + 5*v + 16139 = -3846. What is the highest common factor of r and 70?
35
Suppose 944 = -6*f + 950. Suppose -3*n + 2 = -4. Suppose 5*q + n*g = -5 + 14, 4*g + 12 = 0. Calculate the highest common divisor of f and q.
1
Let k(o) = -14*o**2 + 2*o + 11. Let d(q) = -13*q**2 + 3*q + 12. Let y(n) = -5*d(n) + 4*k(n). Let t be y(-3). What is the greatest common divisor of 129 and t?
43
Let u(d) = 3*d**2 + 28*d - 46. Let j be u(3). Let i be 1/(3*(-4)/(-3120)). What is the highest common factor of i and j?
65
Let c be 6*1195/10*1. Let r = c - 693. Calculate the highest common divisor of 708 and r.
12
Let q be 167 + 0 + 2 + (-3 - 1). Suppose -4*l = -15*l + q. What is the greatest common divisor of 5 and l?
5
Suppose -54*b - 13851 = -135*b. Let z(a) = a**3 - a**2 - 3*a. Let j be z(3). What is the highest common factor of b and j?
9
Let q = 3232 + -2534. Calculate the greatest common divisor of 6 and q.
2
Let z = 42308 - 42293. Calculate the greatest common divisor of 30945 and z.
15
Let z be 9/27 + (-3)/(-9)*1487. Calculate the greatest common factor of 1209 and z.
31
Let c(x) be the second derivative of 3*x**5/10 + x**3/3 + 15*x**2 + 124*x + 2. Let p be c(0). What is the highest common divisor of p and 18?
6
Let n be 91*9 + 18 + 0 + -21. Calculate the greatest common divisor of n and 96.
48
Let d = -35 + 38. Suppose z - 12 = 2*u, -z - d*u - 3 = -0*z. Suppose 3*s + 5*g = 5, z*g = -3*s + 3*g + 15. What is the greatest common factor of s and 110?
10
Suppose 17693 = 119*v - 59538. Calculate the highest common factor of v and 1239.
59
Let d = 2 - 14. Let h be (4 - (-64)/(-12))*d. Suppose 0 = h*g - 14*g - 30. What is the highest common factor of g and 5?
5
Suppose -23*r + 119*r = 42624. What is the greatest common divisor of r and 60?
12
Let o be (9 - 5)*(-2947)/(-28). Suppose -37*n = -430 - o. Calculate the highest common factor of 46 and n.
23
Let f be (2/(-6))/(-12 - 142/(-12)) - -3. Calculate the highest common factor of 2315 and f.
5
Suppose 2*r = 3*i - 393 - 47, -5*i - r + 716 = 0. Let x(o) = -5*o**3 - 4*o**2 - 2*o + 3. Let n be x(-3). What is the highest common divisor of i and n?
36
Let a(l) = 5*l + 3*l**2 - 4*l**2 + 1 + 2. Let z be a(3). Let f = 40419 - 40320. Calculate the highest common divisor of z and f.
9
Let l(o) = o**2 - 3*o - 2. Suppose -1 = 3*k + 2, 0 = -2*w + 4*k - 52. Let t = 33 + w. Let j be l(t). What is the highest common divisor of j and 12?
4
Suppose -2*d - d + 16 = -s, 0 = -5*s - 20. Calculate the greatest common factor of 1836 and d.
4
Suppose -2*p - 2*x = -6187 + 5613, 0 = -x - 7. Suppose 0*h + 3 = -h, -123 = -o - h. Calculate the greatest common divisor of p and o.
42
Let m = -2 + 14. Let y(j) = m*j**2 - 33 - 6*j**2 + 10 - j**2 + 4*j. Let w be y(10). What is the highest common factor of w and 47?
47
Suppose 0 = -w - 0*w - 2*a + 138, 3*w + a = 429. Suppose 118*j + 156 = 131*j. Calculate the highest common factor of j and w.
12
Let j be (-9)/36 - (-39939)/10*(-25)/(-30). What is the greatest common divisor of 48 and j?
16
Suppose -j = -3, 2*i - i + j = 148. Let n(y) = y**2 + 35*y - 7. Let k = 197 + -233. Let g be n(k). Calculate the highest common factor of i and g.
29
Suppose 0 = -0*y + 11*y - 440. Suppose y*a = 33*a + 266. What is the greatest common factor of 304 and a?
38
Let j = 66 - 15. Suppose 5*k = -4*p - 60 - 23, 3*k + 3*p = -j. Let m be (-32)/(-40) - (48/k - 2). What is the highest common divisor of 24 and m?
6
Let t(g) = 73*g - 2. Let r(b) = 85*b**2 + b - 1. Let f be r(1). Let c = -83 + f. Let o be t(c). What is the highest common divisor of o and 16?
16
Let i be (0 - 1)*(-6 + -7). Suppose 2106 = 5*g + 13*g. What is the highest common factor of i and g?
13
Let m be 5 + -9 - 2*8. Let n be ((-14)/(-35))/((-2)/m). Suppose u + 12 - 4 = -n*x, 5*x + 31 = 4*u. Calculate the greatest common factor of 12 and u.
4
Let v = 36 + -28. Let s be 4/(-6) + v/3. Let i be 0 - s*9/(-6). What is the highest common divisor of 3 and i?
3
Suppose 2*o - 250 = -5*k + 7*o, o = -4*k + 175. Let r be 5352/54 + (-5)/k. Calculate the greatest common divisor of 231 and r.
33
Let t be (6108 + -1)/1 + -20 + 15. Calculate the highest common divisor of t and 1130.
226
Suppose -2*m = -21*m + 11609. Let d = m - 466. Calculate the greatest common factor of d and 58.
29
Suppose 428 = a - 6. Suppose -4*u + h + a = 0, 4*h - 8*h - 8 = 0. Calculate the greatest common factor of 12 and u.
12
Let u = 121 - 59. Suppose -3*f + 3*c = -132, 0 = -4*f + 5*c + 118 + u. What is the highest common divisor of f and 72?
8
Let v = 142 - 127. Let s(q) = -q**3 + 3*q - 3. Let i be s(-2). Let l be (i - v/(-9))/((-6)/(-81)). What is the highest common factor of 90 and l?
9
Let g(i) = 18*i**2 - 52*i - 294. Let o be g(-5). Calculate the highest common divisor of 208 and o.
208
Suppose -4*n - 3 = 5*s, -2*n = -s - 6*n + 9. Let t be 224 + s/(9/12) + 4. What is the highest common factor of 7 and t?
7
Let h(s) be the third derivative of s**4/24 + 29*s**3/6 + 4*s**2 - 8*s. Let n be h(3). What is the greatest common factor of 8 and n?
8
Let b = 179 - 175. Suppose c - 60 = -i, 7*i + 100 = 2*c + b*i. Calculate the greatest common divisor of c and 32.
8
Suppose 96*m = 102*m - 30. Suppose m*a + 1290 = 1425. What is the highest common factor of 36 and a?
9
Let c(z) = -z**2 - 8*z + 5. Let b be c(-5). Let u be -7*(-1)/2*2 - -63. Calculate the highest common divisor of b and u.
10
Let d = -21716 - -21750. What is the highest common factor of d and 73474?
34
Suppose v - 7115 = 29*v - 8571. What is the highest common divisor of